{"id":3279,"date":"2024-02-08T21:06:00","date_gmt":"2024-02-08T20:06:00","guid":{"rendered":"http:\/\/www.ambler.es.mialias.net\/seguro-de-ciberseguridad\/"},"modified":"2026-01-26T11:09:18","modified_gmt":"2026-01-26T10:09:18","slug":"seguro-de-ciberseguridad","status":"publish","type":"page","link":"https:\/\/ambler.es\/ca\/seguro-de-ciberseguridad\/","title":{"rendered":"Asseguran\u00e7a de Ciberseguretat"},"content":{"rendered":"<p>Asseguran\u00e7a de salut per a treballadors<\/p>\n","protected":false},"excerpt":{"rendered":"<p>Asseguran\u00e7a de salut per a treballadors<\/p>\n","protected":false},"author":3,"featured_media":3280,"parent":3385,"menu_order":34,"comment_status":"closed","ping_status":"closed","template":"","meta":{"_acf_changed":false,"footnotes":""},"tags":[169],"class_list":["post-3279","page","type-page","status-publish","has-post-thumbnail","hentry","tag-seguros"],"acf":[],"yoast_head":"<!-- This site is optimized with the Yoast SEO plugin v27.4 - https:\/\/yoast.com\/product\/yoast-seo-wordpress\/ -->\n<title>Asseguran\u00e7a de Ciberseguretat - Ambler | Corredur\u00eda de Seguros<\/title>\n<meta name=\"robots\" content=\"index, follow, max-snippet:-1, max-image-preview:large, max-video-preview:-1\" \/>\n<link rel=\"canonical\" href=\"https:\/\/ambler.es\/ca\/seguro-de-ciberseguridad\/\" \/>\n<meta property=\"og:locale\" content=\"ca_ES\" \/>\n<meta property=\"og:type\" content=\"article\" \/>\n<meta property=\"og:title\" content=\"Asseguran\u00e7a de Ciberseguretat - Ambler | Corredur\u00eda de Seguros\" \/>\n<meta property=\"og:description\" content=\"Asseguran\u00e7a de salut per a treballadors\" \/>\n<meta property=\"og:url\" content=\"https:\/\/ambler.es\/ca\/seguro-de-ciberseguridad\/\" \/>\n<meta property=\"og:site_name\" content=\"Ambler | Corredur\u00eda de Seguros\" \/>\n<meta property=\"article:modified_time\" content=\"2026-01-26T10:09:18+00:00\" \/>\n<meta property=\"og:image\" content=\"https:\/\/ambler.es\/wp-content\/uploads\/2024\/02\/seguro-de-ciberseguridad-1.png\" \/>\n\t<meta property=\"og:image:width\" content=\"1920\" \/>\n\t<meta property=\"og:image:height\" content=\"600\" \/>\n\t<meta property=\"og:image:type\" content=\"image\/png\" \/>\n<meta name=\"twitter:card\" content=\"summary_large_image\" \/>\n<script type=\"application\/ld+json\" class=\"yoast-schema-graph\">{\"@context\":\"https:\\\/\\\/schema.org\",\"@graph\":[{\"@type\":\"WebPage\",\"@id\":\"https:\\\/\\\/ambler.es\\\/ca\\\/seguro-de-ciberseguridad\\\/\",\"url\":\"https:\\\/\\\/ambler.es\\\/ca\\\/seguro-de-ciberseguridad\\\/\",\"name\":\"Asseguran\u00e7a de Ciberseguretat - Ambler | Corredur\u00eda de Seguros\",\"isPartOf\":{\"@id\":\"https:\\\/\\\/ambler.es\\\/ca\\\/#website\"},\"primaryImageOfPage\":{\"@id\":\"https:\\\/\\\/ambler.es\\\/ca\\\/seguro-de-ciberseguridad\\\/#primaryimage\"},\"image\":{\"@id\":\"https:\\\/\\\/ambler.es\\\/ca\\\/seguro-de-ciberseguridad\\\/#primaryimage\"},\"thumbnailUrl\":\"https:\\\/\\\/ambler.es\\\/wp-content\\\/uploads\\\/2024\\\/02\\\/seguro-de-ciberseguridad-1.png\",\"datePublished\":\"2024-02-08T20:06:00+00:00\",\"dateModified\":\"2026-01-26T10:09:18+00:00\",\"breadcrumb\":{\"@id\":\"https:\\\/\\\/ambler.es\\\/ca\\\/seguro-de-ciberseguridad\\\/#breadcrumb\"},\"inLanguage\":\"ca\",\"potentialAction\":[{\"@type\":\"ReadAction\",\"target\":[\"https:\\\/\\\/ambler.es\\\/ca\\\/seguro-de-ciberseguridad\\\/\"]}]},{\"@type\":\"ImageObject\",\"inLanguage\":\"ca\",\"@id\":\"https:\\\/\\\/ambler.es\\\/ca\\\/seguro-de-ciberseguridad\\\/#primaryimage\",\"url\":\"https:\\\/\\\/ambler.es\\\/wp-content\\\/uploads\\\/2024\\\/02\\\/seguro-de-ciberseguridad-1.png\",\"contentUrl\":\"https:\\\/\\\/ambler.es\\\/wp-content\\\/uploads\\\/2024\\\/02\\\/seguro-de-ciberseguridad-1.png\",\"width\":1920,\"height\":600},{\"@type\":\"BreadcrumbList\",\"@id\":\"https:\\\/\\\/ambler.es\\\/ca\\\/seguro-de-ciberseguridad\\\/#breadcrumb\",\"itemListElement\":[{\"@type\":\"ListItem\",\"position\":1,\"name\":\"Portada\",\"item\":\"https:\\\/\\\/ambler.es\\\/\"},{\"@type\":\"ListItem\",\"position\":2,\"name\":\"Assegurances Empreses\",\"item\":\"https:\\\/\\\/ambler.es\\\/ca\\\/assegurances-empreses\\\/\"},{\"@type\":\"ListItem\",\"position\":3,\"name\":\"Asseguran\u00e7a de Ciberseguretat\"}]},{\"@type\":\"WebSite\",\"@id\":\"https:\\\/\\\/ambler.es\\\/ca\\\/#website\",\"url\":\"https:\\\/\\\/ambler.es\\\/ca\\\/\",\"name\":\"Ambler | Corredur\u00eda de Seguros\",\"description\":\"Ambler es tu Corredur\u00eda de Seguros de confianza. Gestionamos tus riesgos para darte tranquilidad a ti y a los tuyos. Cont\u00e1ctanos para saber m\u00e1s.\",\"publisher\":{\"@id\":\"https:\\\/\\\/ambler.es\\\/ca\\\/#organization\"},\"potentialAction\":[{\"@type\":\"SearchAction\",\"target\":{\"@type\":\"EntryPoint\",\"urlTemplate\":\"https:\\\/\\\/ambler.es\\\/ca\\\/?s={search_term_string}\"},\"query-input\":{\"@type\":\"PropertyValueSpecification\",\"valueRequired\":true,\"valueName\":\"search_term_string\"}}],\"inLanguage\":\"ca\"},{\"@type\":\"Organization\",\"@id\":\"https:\\\/\\\/ambler.es\\\/ca\\\/#organization\",\"name\":\"Ambler | Corredur\u00eda de Seguros\",\"url\":\"https:\\\/\\\/ambler.es\\\/ca\\\/\",\"logo\":{\"@type\":\"ImageObject\",\"inLanguage\":\"ca\",\"@id\":\"https:\\\/\\\/ambler.es\\\/ca\\\/#\\\/schema\\\/logo\\\/image\\\/\",\"url\":\"https:\\\/\\\/ambler.es\\\/wp-content\\\/uploads\\\/2024\\\/12\\\/logo-ambler.svg\",\"contentUrl\":\"https:\\\/\\\/ambler.es\\\/wp-content\\\/uploads\\\/2024\\\/12\\\/logo-ambler.svg\",\"caption\":\"Ambler | Corredur\u00eda de Seguros\"},\"image\":{\"@id\":\"https:\\\/\\\/ambler.es\\\/ca\\\/#\\\/schema\\\/logo\\\/image\\\/\"}}]}<\/script>\n<!-- \/ Yoast SEO plugin. -->","yoast_head_json":{"title":"Asseguran\u00e7a de Ciberseguretat - Ambler | Corredur\u00eda de Seguros","robots":{"index":"index","follow":"follow","max-snippet":"max-snippet:-1","max-image-preview":"max-image-preview:large","max-video-preview":"max-video-preview:-1"},"canonical":"https:\/\/ambler.es\/ca\/seguro-de-ciberseguridad\/","og_locale":"ca_ES","og_type":"article","og_title":"Asseguran\u00e7a de Ciberseguretat - Ambler | Corredur\u00eda de Seguros","og_description":"Asseguran\u00e7a de salut per a treballadors","og_url":"https:\/\/ambler.es\/ca\/seguro-de-ciberseguridad\/","og_site_name":"Ambler | Corredur\u00eda de Seguros","article_modified_time":"2026-01-26T10:09:18+00:00","og_image":[{"width":1920,"height":600,"url":"https:\/\/ambler.es\/wp-content\/uploads\/2024\/02\/seguro-de-ciberseguridad-1.png","type":"image\/png"}],"twitter_card":"summary_large_image","schema":{"@context":"https:\/\/schema.org","@graph":[{"@type":"WebPage","@id":"https:\/\/ambler.es\/ca\/seguro-de-ciberseguridad\/","url":"https:\/\/ambler.es\/ca\/seguro-de-ciberseguridad\/","name":"Asseguran\u00e7a de Ciberseguretat - Ambler | Corredur\u00eda de Seguros","isPartOf":{"@id":"https:\/\/ambler.es\/ca\/#website"},"primaryImageOfPage":{"@id":"https:\/\/ambler.es\/ca\/seguro-de-ciberseguridad\/#primaryimage"},"image":{"@id":"https:\/\/ambler.es\/ca\/seguro-de-ciberseguridad\/#primaryimage"},"thumbnailUrl":"https:\/\/ambler.es\/wp-content\/uploads\/2024\/02\/seguro-de-ciberseguridad-1.png","datePublished":"2024-02-08T20:06:00+00:00","dateModified":"2026-01-26T10:09:18+00:00","breadcrumb":{"@id":"https:\/\/ambler.es\/ca\/seguro-de-ciberseguridad\/#breadcrumb"},"inLanguage":"ca","potentialAction":[{"@type":"ReadAction","target":["https:\/\/ambler.es\/ca\/seguro-de-ciberseguridad\/"]}]},{"@type":"ImageObject","inLanguage":"ca","@id":"https:\/\/ambler.es\/ca\/seguro-de-ciberseguridad\/#primaryimage","url":"https:\/\/ambler.es\/wp-content\/uploads\/2024\/02\/seguro-de-ciberseguridad-1.png","contentUrl":"https:\/\/ambler.es\/wp-content\/uploads\/2024\/02\/seguro-de-ciberseguridad-1.png","width":1920,"height":600},{"@type":"BreadcrumbList","@id":"https:\/\/ambler.es\/ca\/seguro-de-ciberseguridad\/#breadcrumb","itemListElement":[{"@type":"ListItem","position":1,"name":"Portada","item":"https:\/\/ambler.es\/"},{"@type":"ListItem","position":2,"name":"Assegurances Empreses","item":"https:\/\/ambler.es\/ca\/assegurances-empreses\/"},{"@type":"ListItem","position":3,"name":"Asseguran\u00e7a de Ciberseguretat"}]},{"@type":"WebSite","@id":"https:\/\/ambler.es\/ca\/#website","url":"https:\/\/ambler.es\/ca\/","name":"Ambler | Corredur\u00eda de Seguros","description":"Ambler es tu Corredur\u00eda de Seguros de confianza. Gestionamos tus riesgos para darte tranquilidad a ti y a los tuyos. Cont\u00e1ctanos para saber m\u00e1s.","publisher":{"@id":"https:\/\/ambler.es\/ca\/#organization"},"potentialAction":[{"@type":"SearchAction","target":{"@type":"EntryPoint","urlTemplate":"https:\/\/ambler.es\/ca\/?s={search_term_string}"},"query-input":{"@type":"PropertyValueSpecification","valueRequired":true,"valueName":"search_term_string"}}],"inLanguage":"ca"},{"@type":"Organization","@id":"https:\/\/ambler.es\/ca\/#organization","name":"Ambler | Corredur\u00eda de Seguros","url":"https:\/\/ambler.es\/ca\/","logo":{"@type":"ImageObject","inLanguage":"ca","@id":"https:\/\/ambler.es\/ca\/#\/schema\/logo\/image\/","url":"https:\/\/ambler.es\/wp-content\/uploads\/2024\/12\/logo-ambler.svg","contentUrl":"https:\/\/ambler.es\/wp-content\/uploads\/2024\/12\/logo-ambler.svg","caption":"Ambler | Corredur\u00eda de Seguros"},"image":{"@id":"https:\/\/ambler.es\/ca\/#\/schema\/logo\/image\/"}}]}},"_links":{"self":[{"href":"https:\/\/ambler.es\/ca\/wp-json\/wp\/v2\/pages\/3279","targetHints":{"allow":["GET"]}}],"collection":[{"href":"https:\/\/ambler.es\/ca\/wp-json\/wp\/v2\/pages"}],"about":[{"href":"https:\/\/ambler.es\/ca\/wp-json\/wp\/v2\/types\/page"}],"author":[{"embeddable":true,"href":"https:\/\/ambler.es\/ca\/wp-json\/wp\/v2\/users\/3"}],"replies":[{"embeddable":true,"href":"https:\/\/ambler.es\/ca\/wp-json\/wp\/v2\/comments?post=3279"}],"version-history":[{"count":2,"href":"https:\/\/ambler.es\/ca\/wp-json\/wp\/v2\/pages\/3279\/revisions"}],"predecessor-version":[{"id":3496,"href":"https:\/\/ambler.es\/ca\/wp-json\/wp\/v2\/pages\/3279\/revisions\/3496"}],"up":[{"embeddable":true,"href":"https:\/\/ambler.es\/ca\/wp-json\/wp\/v2\/pages\/3385"}],"wp:featuredmedia":[{"embeddable":true,"href":"https:\/\/ambler.es\/ca\/wp-json\/wp\/v2\/media\/3280"}],"wp:attachment":[{"href":"https:\/\/ambler.es\/ca\/wp-json\/wp\/v2\/media?parent=3279"}],"wp:term":[{"taxonomy":"post_tag","embeddable":true,"href":"https:\/\/ambler.es\/ca\/wp-json\/wp\/v2\/tags?post=3279"}],"curies":[{"name":"wp","href":"https:\/\/api.w.org\/{rel}","templated":true}]}}

Assegurança de Ciberseguretat

<p>Assegurança de salut per a treballadors</p>

<!-- This site is optimized with the Yoast SEO plugin v27.4 - https://yoast.com/product/yoast-seo-wordpress/ -->
<title>Assegurança de Ciberseguretat - Ambler | Correduría de Seguros</title>
<meta name="robots" content="index, follow, max-snippet:-1, max-image-preview:large, max-video-preview:-1" />
<link rel="canonical" href="https://ambler.es/ca/seguro-de-ciberseguridad/" />
<meta property="og:locale" content="ca_ES" />
<meta property="og:type" content="article" />
<meta property="og:title" content="Assegurança de Ciberseguretat - Ambler | Correduría de Seguros" />
<meta property="og:description" content="Assegurança de salut per a treballadors" />
<meta property="og:url" content="https://ambler.es/ca/seguro-de-ciberseguridad/" />
<meta property="og:site_name" content="Ambler | Correduría de Seguros" />
<meta property="article:modified_time" content="2026-01-26T10:09:18+00:00" />
<meta property="og:image" content="https://ambler.es/wp-content/uploads/2024/02/seguro-de-ciberseguridad-1.png" />
	<meta property="og:image:width" content="1920" />
	<meta property="og:image:height" content="600" />
	<meta property="og:image:type" content="image/png" />
<meta name="twitter:card" content="summary_large_image" />
<script type="application/ld+json" class="yoast-schema-graph">{"@context":"https:\/\/schema.org","@graph":[{"@type":"WebPage","@id":"https:\/\/ambler.es\/ca\/seguro-de-ciberseguridad\/","url":"https:\/\/ambler.es\/ca\/seguro-de-ciberseguridad\/","name":"Assegurança de Ciberseguretat - Ambler | Correduría de Seguros","isPartOf":{"@id":"https:\/\/ambler.es\/ca\/#website"},"primaryImageOfPage":{"@id":"https:\/\/ambler.es\/ca\/seguro-de-ciberseguridad\/#primaryimage"},"image":{"@id":"https:\/\/ambler.es\/ca\/seguro-de-ciberseguridad\/#primaryimage"},"thumbnailUrl":"https:\/\/ambler.es\/wp-content\/uploads\/2024\/02\/seguro-de-ciberseguridad-1.png","datePublished":"2024-02-08T20:06:00+00:00","dateModified":"2026-01-26T10:09:18+00:00","breadcrumb":{"@id":"https:\/\/ambler.es\/ca\/seguro-de-ciberseguridad\/#breadcrumb"},"inLanguage":"ca","potentialAction":[{"@type":"ReadAction","target":["https:\/\/ambler.es\/ca\/seguro-de-ciberseguridad\/"]}]},{"@type":"ImageObject","inLanguage":"ca","@id":"https:\/\/ambler.es\/ca\/seguro-de-ciberseguridad\/#primaryimage","url":"https:\/\/ambler.es\/wp-content\/uploads\/2024\/02\/seguro-de-ciberseguridad-1.png","contentUrl":"https:\/\/ambler.es\/wp-content\/uploads\/2024\/02\/seguro-de-ciberseguridad-1.png","width":1920,"height":600},{"@type":"BreadcrumbList","@id":"https:\/\/ambler.es\/ca\/seguro-de-ciberseguridad\/#breadcrumb","itemListElement":[{"@type":"ListItem","position":1,"name":"Portada","item":"https:\/\/ambler.es\/"},{"@type":"ListItem","position":2,"name":"Assegurances Empreses","item":"https:\/\/ambler.es\/ca\/assegurances-empreses\/"},{"@type":"ListItem","position":3,"name":"Assegurança de Ciberseguretat"}]},{"@type":"WebSite","@id":"https:\/\/ambler.es\/ca\/#website","url":"https:\/\/ambler.es\/ca\/","name":"Ambler | Correduría de Seguros","description":"Ambler es tu Correduría de Seguros de confianza. Gestionamos tus riesgos para darte tranquilidad a ti y a los tuyos. Contáctanos para saber más.","publisher":{"@id":"https:\/\/ambler.es\/ca\/#organization"},"potentialAction":[{"@type":"SearchAction","target":{"@type":"EntryPoint","urlTemplate":"https:\/\/ambler.es\/ca\/?s={search_term_string}"},"query-input":{"@type":"PropertyValueSpecification","valueRequired":true,"valueName":"search_term_string"}}],"inLanguage":"ca"},{"@type":"Organization","@id":"https:\/\/ambler.es\/ca\/#organization","name":"Ambler | Correduría de Seguros","url":"https:\/\/ambler.es\/ca\/","logo":{"@type":"ImageObject","inLanguage":"ca","@id":"https:\/\/ambler.es\/ca\/#\/schema\/logo\/image\/","url":"https:\/\/ambler.es\/wp-content\/uploads\/2024\/12\/logo-ambler.svg","contentUrl":"https:\/\/ambler.es\/wp-content\/uploads\/2024\/12\/logo-ambler.svg","caption":"Ambler | Correduría de Seguros"},"image":{"@id":"https:\/\/ambler.es\/ca\/#\/schema\/logo\/image\/"}}]}</script>
<!-- / Yoast SEO plugin. -->

Assegurança de Ciberseguretat - Ambler | Correduría de Seguros

Assegurança de salut per a treballadors

Ambler | Correduría de Seguros

Ambler es tu Correduría de Seguros de confianza. Gestionamos tus riesgos para darte tranquilidad a ti y a los tuyos. Contáctanos para saber más.
